{"id":7,"date":"2018-08-28T21:23:42","date_gmt":"2018-08-28T21:23:42","guid":{"rendered":"http:\/\/rosa-royo-esques.es\/esp\/?page_id=7"},"modified":"2026-01-10T20:49:18","modified_gmt":"2026-01-10T20:49:18","slug":"areas-de-trabajo","status":"publish","type":"page","link":"http:\/\/rosa-royo-esques.es\/esp\/areas-de-trabajo\/","title":{"rendered":"\u00c1reas de trabajo"},"content":{"rendered":"<div id=\"metaslider-id-114\" style=\"max-width: 533px;\" class=\"ml-slider-3-104-0 metaslider metaslider-responsive metaslider-114 ml-slider ms-theme-default\" role=\"region\" aria-label=\"Nueva presentaci\u00f3n de diapositivas\" data-height=\"387\" data-width=\"533\">\n    <div id=\"metaslider_container_114\">\n        <ul id='metaslider_114' class='rslides'>\n            <li aria-roledescription='slide' aria-labelledby='slide-0'><img loading=\"lazy\" decoding=\"async\" src=\"http:\/\/rosa-royo-esques.es\/esp\/wp-content\/uploads\/sites\/3\/2018\/09\/a-areas-de-trabajo.jpg\" height=\"387\" width=\"533\" alt=\"\" class=\"slider-114 slide-116 msDefaultImage\" title=\"a-areas-de-trabajo\" \/><\/li>\n            <li style='display: none;' aria-roledescription='slide' aria-labelledby='slide-1'><img loading=\"lazy\" decoding=\"async\" src=\"http:\/\/rosa-royo-esques.es\/esp\/wp-content\/uploads\/sites\/3\/2018\/09\/a-areas-de-trabajo-1.jpg\" height=\"387\" width=\"533\" alt=\"\" class=\"slider-114 slide-118 msDefaultImage\" title=\"a-areas-de-trabajo-1\" \/><\/li>\n            <li style='display: none;' aria-roledescription='slide' aria-labelledby='slide-2'><img loading=\"lazy\" decoding=\"async\" src=\"http:\/\/rosa-royo-esques.es\/esp\/wp-content\/uploads\/sites\/3\/2018\/09\/a-areas-de-trabajo-2.jpg\" height=\"387\" width=\"533\" alt=\"\" class=\"slider-114 slide-120 msDefaultImage\" title=\"a-areas-de-trabajo-2\" \/><\/li>\n            <li style='display: none;' aria-roledescription='slide' aria-labelledby='slide-3'><img loading=\"lazy\" decoding=\"async\" src=\"http:\/\/rosa-royo-esques.es\/esp\/wp-content\/uploads\/sites\/3\/2018\/09\/contacto-04-482x350.png\" height=\"387\" width=\"533\" alt=\"\" class=\"slider-114 slide-172 msDefaultImage\" title=\"contacto-04\" \/><\/li>\n        <\/ul>\n        \n    <\/div>\n<\/div>\n<p><span style=\"color: #4887ab;\"><span class=\"collapseomatic \" id=\"id69e25d92e196e\"  tabindex=\"0\" title=\"&lt;strong&gt;Consulta privada&lt;\/strong&gt;\"    ><strong>Consulta privada<\/strong><\/span><div id=\"target-id69e25d92e196e\" class=\"collapseomatic_content \"><\/span><\/p>\n<p style=\"text-align: justify;\">En mi pr\u00e1ctica profesional atiendo a personas de distintas edades con alg\u00fan tipo problema que les dificulta su desarrollo individual (emocional, creativo o profesional) y el establecimiento de buenas relaciones interpersonales. Los s\u00edntomas pueden provenir y\/o afectar a las \u00e1reas social, corporal y mental.<\/p>\n<p style=\"text-align: justify;\">El primer paso es el diagn\u00f3stico; <em>conocer para intervenir<\/em>. Entender los problemas y a quien los padece, para poder decidir el tipo de abordaje adecuado a cada persona, situaci\u00f3n y problem\u00e1tica.<\/p>\n<p style=\"text-align: justify;\">Posteriormente orientar a la persona, en los casos de menores tambi\u00e9n a los adultos responsables, del tratamiento a seguir as\u00ed como del pron\u00f3stico esperable.<\/p>\n<p><span style=\"color: #4887ab;\"><strong>Psicolog\u00eda cl\u00ednica:<\/strong><\/span><\/p>\n<ul>\n<li>Psicodiagn\u00f3stico<\/li>\n<li>Psicoterapia individual adultos<\/li>\n<li>Psicoterapia individual ni\u00f1os y adolescentes<\/li>\n<li>Terapia familiar<\/li>\n<li>Terapia de pareja<\/li>\n<li>Terapia online<\/li>\n<\/ul>\n<p><span style=\"color: #4887ab;\"><strong>Actividades con profesionales:<\/strong><\/span><\/p>\n<ul>\n<li>Seminarios de formaci\u00f3n continuada<\/li>\n<li>Supervisi\u00f3n de casos\u00a0<span lang=\"ES\">individual y grupal (presencial y online)<\/span><\/li>\n<\/ul>\n<\/div>\n<p><span style=\"color: #4887ab;\"><span class=\"collapseomatic \" id=\"id69e25d92e1a63\"  tabindex=\"0\" title=\"&lt;strong&gt;Supervisi\u00f3n en instituciones&lt;\/strong&gt;\"    ><strong>Supervisi\u00f3n en instituciones<\/strong><\/span><div id=\"target-id69e25d92e1a63\" class=\"collapseomatic_content \"><\/span><\/p>\n<p style=\"text-align: justify;\">La supervisi\u00f3n es un espacio de reflexi\u00f3n conjunta del equipo con un profesional externo. El objetivo es compartir y valorar las diferentes problem\u00e1ticas que suelen presentarse en su pr\u00e1ctica profesional y de esta manera ajustar mejor la ayuda a las personas que atienden. La supervisi\u00f3n, al permitir un tiempo de reflexi\u00f3n compartida, forma parte de las actividades encaminadas a cuidar a los mismos profesionales.<\/p>\n<p style=\"text-align: justify;\">En la supervisi\u00f3n considero a los profesionales como los expertos en el \u00e1rea de trabajo. Mi participaci\u00f3n es la de favorecer un espacio de pensamiento en el que el equipo comparta ideas y experiencia.\u00a0A la vez aportando algunas propias derivadas de mi formaci\u00f3n y pr\u00e1ctica profesional.<\/p>\n<p style=\"text-align: justify;\">El tipo de supervisi\u00f3n que realizo se adapta a las necesidades de los equipos. En salud mental el diagn\u00f3stico y la evoluci\u00f3n durante el tratamiento, buscando la mayor efectividad y confort del paciente, as\u00ed como el desarrollo te\u00f3rico-t\u00e9cnico del equipo profesional suelen ser el eje. En entidades de tipo social el centro est\u00e1 en la valoraci\u00f3n del plan de actuaci\u00f3n con las personas atendidas y la evoluci\u00f3n de las mismas.<\/p>\n<p><span style=\"color: #4887ab;\"><strong>Tipos de instituciones que superviso:<\/strong><\/span><\/p>\n<ul>\n<li>Servicios p\u00fablicos y concertados de Salud Mental de ni\u00f1os, adolescentes y adultos.<\/li>\n<li>Centros de Desarrollo y Atenci\u00f3n Precoz (CDIAP).<\/li>\n<li>Instituciones especializadas en la atenci\u00f3n a diversos tipos de violencia: familiar; maltrato y abuso sexual infanto-juvenil; social.<\/li>\n<li>Entidades de asistencia social.<\/li>\n<li>Entidades de atenci\u00f3n a menores tutelados por la Direcci\u00f3n General de Atenci\u00f3n a la Infancia y la Adolescencia (DGAIA).<\/li>\n<\/ul>\n<p><span style=\"color: #4887ab;\"><strong>Servicios y equipos supervisados:<\/strong><\/span><\/p>\n<ul>\n<li>1997 \u2013 2004 Centro Alberto Campo. Centro asistencial de la Sociedad <span lang=\"ES\">Catalana<\/span> del Rorschach y M\u00e9todos Proyectivos. Ni\u00f1os, adolescentes y adultos.<\/li>\n<li>2002 \u2013 2004 Grupo ALBA. Casa de acogida para Mujeres Maltratadas de Barcelona. Supervisi\u00f3n del plan de actuaci\u00f3n y evoluci\u00f3n de las mujeres acogidas y sus hijos. \u00a0Supervisi\u00f3n del equipo.<\/li>\n<li>2004 &#8211; 2022 Unidad de Pediatr\u00eda Social (UPS) del Hospital Universitario Trias y Pujol. Diagn\u00f3sticos maltrato y\/o abuso sexual a ni\u00f1os y adolescentes.<\/li>\n<li>2004 &#8211; 2014 Unidad de Tratamientos Especializados para ni\u00f1os y adolescentes -maltrato y\/o abuso sexual- de la \u00a0FCJ (Fundaci\u00f3n Concepci\u00f3 Juvanteny).<\/li>\n<li>\u00a02006 &#8211; 2014 Unidad de Enfermos Cr\u00f3nicos Infantil (UMCI) del Hospital Universitario Trias y Pujol.<\/li>\n<li>2007- &#8230; Fundaci\u00f3n Vicki Bernadet. Centro de asesoramiento, prevenci\u00f3n y tratamiento a persones que han sido afectadas por abuso sexual infantil. Adultos y ni\u00f1os.<\/li>\n<li>2007-2014 SIE. Servicio de Intervenci\u00f3n Especializada para mujeres que sufren violencia y sus hijos. Dirigido por la Asociaci\u00f3 Benestar i Desenvolupament (ABD). Secretaria de Familias y de Infancia de la Generalitat de Catalu\u00f1a.<\/li>\n<li>2008-2009 Centre Residencial de Acci\u00f3n Educativa (CRAE) \u00a0\u201cHogar Las Vi\u00f1as\u201d de Cerdanyola. Supervisi\u00f3n del plan de actuaci\u00f3n de los menores residentes. Supervisi\u00f3n del equipo.<\/li>\n<li>2010-2011 Punto de Encuentro-IPSS. Instituto para la Promoci\u00f3n Social de la Salud. Supervisi\u00f3n del plan de actuaci\u00f3n de los menores atendidos. Supervisi\u00f3n del equipo.<\/li>\n<li>2010-2011 Hospital de D\u00eda de Adolescentes de la Fundaci\u00f3 Hospital Sant Pere Claver. Seguimiento de los programes de mejora de los j\u00f3venes, especialmente los que hab\u00edan sufrido abuso sexual<\/li>\n<li>2010-2011 CDIAP CORNELL\u00c0 Centro de desarrollo y atenci\u00f3n precoz de Cornell\u00e0. Diagn\u00f3stico y tratamiento a los ni\u00f1os y apoyo a las familias.<\/li>\n<li>2011-2014 CDIAP EDAI Centro de desarrollo y atenci\u00f3n precoz de BCN. Diagn\u00f3stico y tratamiento a los ni\u00f1os y apoyo a las familias.<\/li>\n<li>2012- 2020 Centro M\u00e9dico Psicol\u00f3gico de ni\u00f1os y adolescentes de la Fundaci\u00f3n Vidal y Barraquer.<\/li>\n<li>2014- 2019 CDIAP BAULA. Dos centros de desarrollo y atenci\u00f3n precoz de Hospitalet de Llobregat. Diagn\u00f3stico y tratamiento a los ni\u00f1os y apoyo a las familias.<\/li>\n<li>2014 &#8211; 2023 CDIAP CAPIVO. Dos centros de desarrollo y atenci\u00f3n precoz. Granollers. Diagn\u00f3stico y tratamiento a los ni\u00f1os y apoyo a las familias.<\/li>\n<li>2015-2017 C\u00c0RITAS Diocesana de Barcelona. Equipo territorial Barcelona III Supervisi\u00f3n t\u00e9cnica de casos. Estrategias y metodolog\u00eda de intervenci\u00f3n.<\/li>\n<li>2016 &#8211; &#8230; \u00a0CDIAP Equip 40. Tres centros de desarrollo y atenci\u00f3n precoz. Sant Feliu Llobregat i Sant Vicens dels Horts. Diagn\u00f3stico y tratamiento a los ni\u00f1os y apoyo a las familias.<\/li>\n<li>2016 &#8211; 2019 GEDI Centros de acogida de ni\u00f1os y adolescentes. Plan de intervenci\u00f3n de los menores residentes \u00a0(desparentalizados del territorio e inmigrantes no acompa\u00f1ados)<\/li>\n<li>2017 &#8211; 2022 Fundaci\u00f3 Maria Ravent\u00f3s. Barcelona. Plan de intervenci\u00f3n para facilitar la inserci\u00f3n social y laboral de mujeres j\u00f3venes y sus hijos en situaci\u00f3n de riesgo o exclusi\u00f3n social. Servicio maternal: embarazo y primeros a\u00f1os de vida.<\/li>\n<li>2017 &#8211; \u2026 COS (Cooperativa de Salud) Crupo Terap\u00e9utico Multifamiliar La Capsa. Trabajo sobre las consecuencias de los abusos sexuales durante la infancia y adolescencia y las alteraciones de los roles familiares. Con el apoyo del Ajuntament de Barcelona, el Institut Catal\u00e0 de les Dones y el Departament de Treball, Afers Socials i Famil\u00edes de la Generalitat de Catalunya.<\/li>\n<li>2018- 2022 SIAD Concejal\u00eda de Derechos Civiles y Ciudadan\u00eda del Ayuntamiento de Sabadell. Atenci\u00f3n, asistencia y orientaci\u00f3n a las mujeres que es encuentran en una situaci\u00f3n de discriminaci\u00f3n por raz\u00f3n de g\u00e9nero.<br \/>\n2024- 2025 Supervisi\u00f3n y docencia en violencia machista y sexual.<\/li>\n<li>2019 \u2013 2020 GEDI. SOAF Servicio de orientaci\u00f3n y acompa\u00f1amiento a las familias. Matar\u00f3. Atenci\u00f3n a las familias para mejorar el bienestar de sus miembros a nivel personal, familiar y social.<\/li>\n<li>2019 \u2013 \u2026 CSMIJ Sant Pere Claver. Diagn\u00f3stico y tratamiento a ni\u00f1os y adolescentes. Apoyo a las familias.<\/li>\n<li>2021 -2024\u00a0 SIE(s) Baix Llobregat y Garraf Pened\u00e9s. Servicios de Intervenci\u00f3n Especializada para mujeres que sufren violencia y sus hijos Dirigido por la Associaci\u00f3 Benestar i Desenvolupament (ABD) Secretaria de Famil\u00edes i d\u2019Inf\u00e0ncia de la Generalitat de Catalunya.<\/li>\n<li>2021 &#8211; \u2026 Hospitales de D\u00eda de Adolescentes de la Fundaci\u00f3 Orienta (Miralta y Collblanc). Seguimento de los programas de mejora de los jovenes atendidos.<\/li>\n<li>2021 \u2013 2022 Unitad de Psicoterapia Psicoanal\u00edtica de Adultos (UPPA) Fundaci\u00f3 Sanit\u00e0ria Sant Pere Claver. Seguimiento terap\u00e9utico de las persones atendidas, espec\u00edficamente las que han sufrido abusos sexuales.<\/li>\n<li>2021 \u2013 2024 Servicio de Atenci\u00f3n, Recuperaci\u00f3n y Acojida (S.A.R.A.) Atenci\u00f3n\u00a0 a personas v\u00edctimas de situaciones de violencia machista (mujeres, ni\u00f1os y adolescentes, personas LGTBI o personas afectadas por la violencia. Equipo de Infantil.\u00a0 Concejal\u00eda de Feminismos y LGTBI de l\u2019Ajuntament de Barcelona.<\/li>\n<li>2023- \u2026 ORIENTA CSMIJ de Hospitalet Nord de la Fundaci\u00f3n Orienta. Diagn\u00f3sticos y tratamiento a los ni\u00f1os y adolescentes. Apoyo a las familias.<\/li>\n<li>2023 &#8211; \u2026 Fundaci\u00f3 Photografic Social Visi\u00f3n en coordinaci\u00f3n con la Fundaci\u00f3 Vicki Bernadet . Proyecto de fotograf\u00eda participativa con un grupo de mujeres que han sufrido abuso sexual en la infancia, en el que se usa la fotograf\u00eda como herramienta de sensibilizaci\u00f3n social.<\/li>\n<li>2024 &#8211; \u2026 Barnahus de Badalona. ISOM. Atenci\u00f3n a menores que han sido v\u00edctimas de abuso sexual, para evitar la revictimizaci\u00f3n a trav\u00e9s de un acompa\u00f1amiento emocional y psicol\u00f3gico integral.<\/li>\n<li>2024 &#8211; \u2026 Barnahus Vilanova i la Geltr\u00fa (veguer\u00eda del Pened\u00e9s) ABD. Atenci\u00f3n a menores que han sido v\u00edctimas de abuso sexual, para evitar la revictimizaci\u00f3n a trav\u00e9s de un acompa\u00f1amiento emocional y psicol\u00f3gico integral.<br \/>\n2024 &#8211; UNADON Unidad de atenci\u00f3n especializada para mujeres en situaci\u00f3n de violencia machista. Proyecto que se desarrolla en el Centro M\u00e9dico Psicol\u00f3gico de la Fundaci\u00f3 Vidal i Barraquer. Servicio de atenci\u00f3n y recuperaci\u00f3n psicol\u00f3gica a mujeres en situaci\u00f3n de violencia machista en cualquier \u00e1mbito (pareja, familiar, laboral, social, digital, pol\u00edtico y educativo).<\/li>\n<li>2024 &#8211; \u2026 PELL a PELL Acompa\u00f1amiento y atenci\u00f3n psicol\u00f3gica a la maternidad y la crianza<\/li>\n<li>2025- \u2026 CDIAP Garraf. Centro de desarrollo y atenci\u00f3n precoz de la comarca del Garraf y municipios de Cunit, Segur de Calafell y Calafell. Prevenci\u00f3n, detecci\u00f3n, valoraci\u00f3n diagn\u00f3stica e intervenci\u00f3n terap\u00e9utica a ni\u00f1os menores de 6 a\u00f1os y soporte a las familias.<\/li>\n<li>2025- \u2026 SEAIA Sant Mart\u00ed (Equipo de diagn\u00f3stico) Servicio Especializado en la Atenci\u00f3n a la Infancia i Adolescencia. Atenci\u00f3n a menores y su entorno socio-familiar de casos en situaci\u00f3n de desamparo o en riesgo. Diagn\u00f3stico, valoraci\u00f3n y planes de mejora para los menores y las familias.<\/li>\n<li>2025- \u2026 CSS Sarri\u00e0. Centro de Servicios Sociales Sarri\u00e0. Informaci\u00f3n, orientaci\u00f3n y atenci\u00f3n para tratar los problemas sociales que afectan a las personas y sus familias.<\/li>\n<li>2025 &#8211; \u2026 CHM Cornell\u00e0. Centro de atenci\u00f3n psicol\u00f3gica a ni\u00f1os, adolescentes y adultos.<\/li>\n<li>2025 \u2013 \u2026 ABD Madrid CIASI (Centro Especializado de Intervenci\u00f3n en Abuso Sexual Infantil) de la Comunidad de Madrid. Asistencia a ni\u00f1os, ni\u00f1as y adolescentes v\u00edctimas de abuso sexual infantil i a sus familias, as\u00ed como de intervenci\u00f3n con ofensores sexuales menores de edad.<\/li>\n<li>2026 &#8211; \u2026 CDIAP FUNDACI\u00d3 MARESME. Centros de desarrollo y atenci\u00f3n precoz. Diagn\u00f3stico y tratamiento a los ni\u00f1os y apoyo a las familias.<\/li>\n<\/ul>\n<\/div>\n<p><span style=\"color: #4887ab;\"><span class=\"collapseomatic \" id=\"id69e25d92e1aa4\"  tabindex=\"0\" title=\"&lt;strong&gt;Docencia&lt;\/strong&gt;\"    ><strong>Docencia<\/strong><\/span><div id=\"target-id69e25d92e1aa4\" class=\"collapseomatic_content \"><\/span><\/p>\n<p style=\"text-align: justify;\">Mi actividad docente es una manera de compartir conocimientos con los profesionales en formaci\u00f3n, a la vez que me permite y obliga a estar al d\u00eda de los nuevos avances en las diferentes \u00e1reas de la psicolog\u00eda y el psicoan\u00e1lisis.\u00a0 Una experiencia emocional compartida entre todos de ense\u00f1ar y aprender.<\/p>\n<p><span style=\"color: #4887ab;\">Principales \u00e1reas de docencia:<\/span><\/p>\n<ul>\n<li>Institut Universitari de Salut Mental Fundaci\u00f3 Vidal i Barraquer. Universitat Ramon Llull (URLl)\n<ul>\n<li>M\u00e1ster en Psicolog\u00eda General Sanitaria (URLl)<\/li>\n<li>M\u00e1ster en Psicoterapia Psicoanal\u00edtica. Acreditado Federaci\u00f3n Espa\u00f1ola de Asociaciones de Psicoterapia (FEAP)<\/li>\n<\/ul>\n<\/li>\n<\/ul>\n<ul>\n<li>Colaboraci\u00f3n en diversos m\u00e1steres vinculados a la formaci\u00f3n psicoanal\u00edtica y terapias creativas.\n<ul>\n<li>Escuela de Cl\u00ednica Psicoanal\u00edtica con Ni\u00f1os y Adolescentes (ECPNA) Universidad Barcelona (UB)<\/li>\n<li>M\u00e1ster en DMT (Danza Movimiento Terapia) Universidad Aut\u00f3noma Barcelona (UAB)<\/li>\n<li>M\u00e1ster Arteterapia. Universidad de Barcelona (UB)<\/li>\n<\/ul>\n<\/li>\n<\/ul>\n<ul>\n<li>Cursos de formaci\u00f3n continuada\n<ul>\n<li>Formaci\u00f3n en Psicodiagn\u00f3stico. Societat Catalana del Rorschach i M\u00e8todes Projectius (SCRIMP)<\/li>\n<li>Formaci\u00f3n continuada Servicio de Psicolog\u00eda Cl\u00ednica Fundaci\u00f3 Puigvert.<\/div><\/li>\n<\/ul>\n<\/li>\n<\/ul>\n","protected":false},"excerpt":{"rendered":"","protected":false},"author":1,"featured_media":0,"parent":0,"menu_order":0,"comment_status":"closed","ping_status":"closed","template":"","meta":{"footnotes":""},"class_list":["post-7","page","type-page","status-publish","hentry"],"_links":{"self":[{"href":"http:\/\/rosa-royo-esques.es\/esp\/wp-json\/wp\/v2\/pages\/7","targetHints":{"allow":["GET"]}}],"collection":[{"href":"http:\/\/rosa-royo-esques.es\/esp\/wp-json\/wp\/v2\/pages"}],"about":[{"href":"http:\/\/rosa-royo-esques.es\/esp\/wp-json\/wp\/v2\/types\/page"}],"author":[{"embeddable":true,"href":"http:\/\/rosa-royo-esques.es\/esp\/wp-json\/wp\/v2\/users\/1"}],"replies":[{"embeddable":true,"href":"http:\/\/rosa-royo-esques.es\/esp\/wp-json\/wp\/v2\/comments?post=7"}],"version-history":[{"count":61,"href":"http:\/\/rosa-royo-esques.es\/esp\/wp-json\/wp\/v2\/pages\/7\/revisions"}],"predecessor-version":[{"id":311,"href":"http:\/\/rosa-royo-esques.es\/esp\/wp-json\/wp\/v2\/pages\/7\/revisions\/311"}],"wp:attachment":[{"href":"http:\/\/rosa-royo-esques.es\/esp\/wp-json\/wp\/v2\/media?parent=7"}],"curies":[{"name":"wp","href":"https:\/\/api.w.org\/{rel}","templated":true}]}}