{"id":9,"date":"2018-08-28T21:25:26","date_gmt":"2018-08-28T21:25:26","guid":{"rendered":"http:\/\/rosa-royo-esques.es\/esp\/?page_id=9"},"modified":"2025-03-02T21:48:24","modified_gmt":"2025-03-02T21:48:24","slug":"articulos-y-publicaciones","status":"publish","type":"page","link":"http:\/\/rosa-royo-esques.es\/esp\/articulos-y-publicaciones\/","title":{"rendered":"Publicaciones"},"content":{"rendered":"<span style=\"color: #4887ab;\">ART\u00cdCULOS<\/span>\n<ul>\n \t<li><em>Las T\u00e9cnicas Proyectivas en el seguimiento de tratamientos.<\/em>(1.998) Revista de la Sociedad Espa\u00f1ola del Rorschach y M\u00e9todos Proyectivos. n\u00ba 11 (p.137 &#8211; 145). Ponencia XIV Congreso de la Sociedad Espa\u00f1ola del Rorschach. Madrid 1998<\/li>\n \t<li><em>Sentir-Pensar.<\/em>(1.999) Bolet\u00edn Instituto Psicoanal\u00edtico de Barcelona. Vol. I Los Afectos. (p.5 &#8211; 21) Presentaci\u00f3n Jornadas del Instituto de Psicoan\u00e1lisis de Barcelona (1.998).<\/li>\n \t<li><em>\u00bfPolimorfismo o Perversi\u00f3n?<\/em>(1.997) International Psychoanalytic Studies Organitation (p. 6 &#8211; 19) Sesi\u00f3n Plenaria 14\u00ba Congreso Psicoan\u00e1lisis y Sexualidad. Barcelona<\/li>\n \t<li><em>Transformaciones. Cambios y permanencias en las estructuras familiares.<\/em>(2.000) Psicoan\u00e0lisi i Societat. (p.331 &#8211; 336) Transformaciones. Comunicaci\u00f3n en Segundo Coloquio Interdisciplinar Barcelona 11,12,13 Febrero 2.000. Actas del Congreso.<\/li>\n \t<li><a href=\"http:\/\/rosa-royo-esques.es\/esp\/wp-content\/uploads\/sites\/3\/2018\/09\/PSICODIAGN\u00d3STICO-Y-PSICOAN\u00c1LISIS-punto-de-encuentro.pdf\" target=\"_blank\" rel=\"noopener noreferrer\"><em><span style=\"color: #ff6600;\">Psicodiagn\u00f3stico y Psicoan\u00e1lisis. Punto de encuentro<\/span><\/em><\/a>. (2006) Revista de Psicoterapia. N\u00ba 62 (p.119-128)<\/li>\n \t<li><em><span style=\"color: #ff6600;\"><a style=\"color: #ff6600;\" href=\"http:\/\/rosa-royo-esques.es\/esp\/wp-content\/uploads\/sites\/3\/2018\/09\/ICO-Guia-nens-i-adolescents-definitu-C.doc-doc_guia_diagnostico_cancer_familiar_de_ninos_y_adolescentes.pdf\" target=\"_blank\" rel=\"noopener noreferrer\">Ayudando a las familias a compartir con ni\u00f1os y adolescentes el diagn\u00f3stico de c\u00e1ncer de alguno de sus familiares<\/a><\/span>.\u00a0<\/em>Gu\u00eda Para Profesionales de la Salud.ICO (Instituto Catal\u00e1n de Oncolog\u00eda). DiR 2006<\/li>\n \t<li><span style=\"color: #ff6600;\"><a style=\"color: #ff6600;\" href=\"http:\/\/rosa-royo-esques.es\/esp\/wp-content\/uploads\/sites\/3\/2018\/09\/Reformaterar-la-ment.pdf\" target=\"_blank\" rel=\"noopener noreferrer\"><em>\u201cReformatear\u201d la ment. <\/em><em>Pantalles:<\/em><em>el malestar a la cultura de la imatge.<\/em><\/a><\/span>IX Debats de la SEP (2011) Revista Catalana de Psicoan\u00e1lisis.<\/li>\n \t<li><a href=\"https:\/\/ateinspira.files.wordpress.com\/2018\/09\/divorcio-y-funciones-parentales.pdf\"><span style=\"color: #ff6600;\"><em>Per qu\u00e9 me tuv\u00edsteis si ya no est\u00e1is juntos? Divorcio y funciones parentales<\/em><\/span><\/a>. (2015) <a href=\"https:\/\/ateinspira.wordpress.com\"><span style=\"color: #ff6600;\">Inspira<\/span><\/a>. Revista de Arteterapia de la ATE. Vol 5<\/li>\n \t<li><a href=\"http:\/\/rosa-royo-esques.es\/esp\/wp-content\/uploads\/sites\/3\/2025\/03\/Escuchar-el-silencio.pdf\"><span style=\"color: #ff6600;\"><i>Escuchar el silencio<\/i>(2024).<\/span><\/a> Revista Valors. Filosofia de l\u2019actualitat. N\u00ba 231 (p.32-33)<\/li>\n<\/ul>\n<span style=\"color: #4887ab;\">Espec\u00edficos tema violencia:<\/span>\n<ul>\n \t<li style=\"list-style-type: none;\">\n<ul>\n \t<li><em>El impacto de la violencia familiar en los ni\u00f1os.<\/em><em>Un caso gr\u00e1fico<\/em>. (2005) Barcelona. Revista Sociedad Espa\u00f1ola del Rorschach y M\u00e9todos Proyectivos. Tomo 19. (p.62-70)<\/li>\n \t<li><span style=\"color: #ff6600;\"><a style=\"color: #ff6600;\" href=\"http:\/\/rosa-royo-esques.es\/esp\/wp-content\/uploads\/sites\/3\/2018\/09\/Del-silenci-paraules.pdf\" target=\"_blank\" rel=\"noopener noreferrer\"><em>Del silenci, paraules<\/em><\/a><\/span>. <em>El maltractament a la infancia.<\/em>(2007) Revista Aloma. Facultat Psicologia. Blanquerna N\u00ba monogr\u00e1fico conmemorativo del 150 aniversario del nacimiento de Sigmund Freud. (p. 183-200).<\/li>\n \t<li><em>La violencia familiar i els nens<\/em>. <em>Trencar el cercle.<\/em>(2007) RTS. Revista de Treball Social. N\u00ba 180. (p.55-61)<\/li>\n \t<li><em><span style=\"color: #ff6600;\"><a style=\"color: #ff6600;\" href=\"http:\/\/rosa-royo-esques.es\/esp\/wp-content\/uploads\/sites\/3\/2018\/09\/No-puc-confiar-en-tu.pdf\" target=\"_blank\" rel=\"noopener noreferrer\">\u201cNo puc confiar en tu\u201d El vincle terap\u00e8utic en nens i adolescents v\u00edctimes de la violencia<\/a><\/span>. <\/em>(2008) Revista Catalana de Psicoan\u00e1lisis. N\u00ba monogr\u00e0fic sobre Viol\u00e8ncia i Identitat. Vol.XXV\/2 (p.77-91).<\/li>\n \t<li><a href=\"http:\/\/rosa-royo-esques.es\/esp\/wp-content\/uploads\/sites\/3\/2018\/09\/On-el-joc-sacaba.pdf\" target=\"_blank\" rel=\"noopener noreferrer\"><em><span style=\"color: #ff6600;\">On el joc s\u2019acaba. Elements pel diagn\u00f2stic, tractament i prevenci\u00f3 de l\u2019ab\u00fas sexual en la infancia<\/span>\u00a0<\/em><\/a>(2012) revista on-line DESENVOLUPA, editada: l&#8217;ACAP (Associaci\u00f3 de Centres d&#8217;Atenci\u00f3 Preco\u00e7) n\u00ba 34 \u00a0 <a href=\"http:\/\/www.desenvolupa.cat\/\"><span style=\"color: #ff6600;\">desenvolupa.cat<\/span><\/a><a href=\"http:\/\/www.desenvolupa.cat\/\">\u00a0<\/a>y en In-f\u00e0n-ci-a n\u00ba 197 Revista de l\u2019associaci\u00f3 de mestres Rosa Sensat (2014\u00a0 (p.34-40)<\/li>\n \t<li><span style=\"color: #ff6600;\"><a style=\"color: #ff6600;\" href=\"http:\/\/rosa-royo-esques.es\/esp\/wp-content\/uploads\/sites\/3\/2018\/09\/Sufrir-A-S-I.pdf\" target=\"_blank\" rel=\"noopener noreferrer\">Sufrir A.S.I. (2016) Revista on-line TEMAS de Psicoan\u00e1lisis<\/a><\/span>. Revista de la Sociedad Espa\u00f1ola de Psicoan\u00e1lisis. N\u00ba 12 dossier sobre Trauma ps\u00edquico hoy. <span style=\"color: #ff6600;\"><a style=\"color: #ff6600;\" href=\"http:\/\/www.temasdepsicoanalisis.org\" target=\"_blank\" rel=\"noopener noreferrer\"><u>http:\/\/www.temasdepsicoanalisis.org<\/u><\/a><\/span><\/li>\n \t<li><span style=\"color: #ff9900;\"><a style=\"color: #ff9900;\" href=\"http:\/\/rosa-royo-esques.es\/wp-content\/uploads\/2020\/06\/M\u00e9s-enll\u00e0-del-trauma-Article-RCP.pdf\"><span style=\"color: #ff6600;\">M\u00e9s enll\u00e0 del trauma Article RCP<\/span><\/a><\/span> (2017).\u00a0Volum 34, n\u00fam 2. Revista Catalana de Psicoan\u00e0lisi.<\/li>\n \t<li><em><a href=\"http:\/\/rosa-royo-esques.es\/wp-content\/uploads\/2020\/06\/Royo-Galvez-CSI-Puerta-abierta-al-ASI-REV.pdf\"><span style=\"color: #ff6600;\">Royo-Galvez CSI Puerta abierta al ASI (REV) <\/span><\/a>(2020).\u00a0<\/em>Monogr\u00e1fico N\u00ba 4. sobre abuso sexual infantil. Revista de psicopatolog\u00eda y salud mental del ni\u00f1o y del adolescente. Ed. Fundaci\u00f3 Orienta (pags 59-65).<\/li>\n \t<li><span style=\"color: #ff6600;\"><a style=\"color: #ff6600;\" href=\"https:\/\/ateinspira.files.wordpress.com\/2012\/02\/violencia-oculta.pdf\"><em>Violencia oculta. Sombras y silencios<\/em><\/a><\/span> (2022) <a href=\"https:\/\/ateinspira.wordpress.com\"><span style=\"color: #ff6600;\">Inspira<\/span><\/a>. Revista de Arteterapia de la ATE Vol 7 (p.47 \u2013 53)<\/li>\n<\/ul>\n<\/li>\n<\/ul>\n<span style=\"color: #4887ab;\">LIBROS<\/span>\n\n<!-- \/wp:post-content --> <!-- wp:paragraph -->\n<ul>\n \t<li>CABR\u00c9, V., CASTILLO, J.A. y NOFUENTES, C. (2017) <em>Casos cl\u00ednicos. Evaluaci\u00f3n, diagn\u00f3stico e intervenci\u00f3n en salud mental<\/em>. Colecci\u00f3n Salud mental FVB.\u00a0 Barcelona:Ed. Herder. Mauro y lo imprevisible: evaluaci\u00f3n en la pubertad. Caso 9 (p.111 -122)<\/li>\n<\/ul>\n<!-- \/wp:paragraph --> <!-- wp:paragraph -->\n<ul>\n \t<li>ROYO, R. Yo soy un ni\u00f1o, \u00bfverdad? Cuando los padres contribuyen a la indefinici\u00f3n de la identidad<em>.<\/em> En Campo, A.J. y Ribera, C. (1.989) <em>La hora de juego.<\/em> 3\u00ba (p.31 \u2013 45).Ed. Paid\u00f3s. Barcelona.<\/li>\n<\/ul>\n<!-- \/wp:paragraph --> <!-- wp:paragraph -->\n<ul>\n \t<li>ROYO, R., JACHEVASKY, L., PONT, T. y col. (2022) <em>En Juego. Teor\u00eda y t\u00e9cnica del juego en la pr\u00e1ctica cl\u00ednica actual. <\/em>Colecci\u00f3n Salud mental FVB.\u00a0 Barcelona:Ed. Herder.<\/li>\n<\/ul>\n<!-- wp:separator -->\n\n<hr class=\"wp-block-separator has-alpha-channel-opacity\" \/>\n\n<!-- \/wp:separator -->\n\n<!-- wp:paragraph -->\n\n<!-- \/wp:paragraph -->","protected":false},"excerpt":{"rendered":"<p>ART\u00cdCULOS Las T\u00e9cnicas Proyectivas en el seguimiento de tratamientos.(1.998) Revista de la Sociedad Espa\u00f1ola del Rorschach y M\u00e9todos Proyectivos. n\u00ba 11 (p.137 &#8211; 145). Ponencia XIV Congreso de la Sociedad Espa\u00f1ola del Rorschach. Madrid 1998 Sentir-Pensar.(1.999) Bolet\u00edn Instituto Psicoanal\u00edtico de &hellip; <a href=\"http:\/\/rosa-royo-esques.es\/esp\/articulos-y-publicaciones\/\">Continuar<\/a><\/p>\n","protected":false},"author":1,"featured_media":0,"parent":0,"menu_order":0,"comment_status":"closed","ping_status":"closed","template":"","meta":{"footnotes":""},"class_list":["post-9","page","type-page","status-publish","hentry"],"_links":{"self":[{"href":"http:\/\/rosa-royo-esques.es\/esp\/wp-json\/wp\/v2\/pages\/9","targetHints":{"allow":["GET"]}}],"collection":[{"href":"http:\/\/rosa-royo-esques.es\/esp\/wp-json\/wp\/v2\/pages"}],"about":[{"href":"http:\/\/rosa-royo-esques.es\/esp\/wp-json\/wp\/v2\/types\/page"}],"author":[{"embeddable":true,"href":"http:\/\/rosa-royo-esques.es\/esp\/wp-json\/wp\/v2\/users\/1"}],"replies":[{"embeddable":true,"href":"http:\/\/rosa-royo-esques.es\/esp\/wp-json\/wp\/v2\/comments?post=9"}],"version-history":[{"count":36,"href":"http:\/\/rosa-royo-esques.es\/esp\/wp-json\/wp\/v2\/pages\/9\/revisions"}],"predecessor-version":[{"id":306,"href":"http:\/\/rosa-royo-esques.es\/esp\/wp-json\/wp\/v2\/pages\/9\/revisions\/306"}],"wp:attachment":[{"href":"http:\/\/rosa-royo-esques.es\/esp\/wp-json\/wp\/v2\/media?parent=9"}],"curies":[{"name":"wp","href":"https:\/\/api.w.org\/{rel}","templated":true}]}}